{"id":3,"date":"2025-07-08T16:33:53","date_gmt":"2025-07-08T14:33:53","guid":{"rendered":"http:\/\/cogryziepsa.pl\/?page_id=3"},"modified":"2026-02-12T18:46:57","modified_gmt":"2026-02-12T17:46:57","slug":"polityka-prywatnosci","status":"publish","type":"page","link":"https:\/\/cogryziepsa.pl\/?page_id=3","title":{"rendered":"Polityka prywatno\u015bci"},"content":{"rendered":"\n<p class=\"has-text-align-left has-contrast-color has-text-color has-link-color wp-elements-12e14a76483c606e83c17fdb7ffd0bda\">Administratorem danych osobowych przetwarzanych przez Ma\u0142gorzat\u0119 Michalczyk jest Ale Heca! Ma\u0142gorzata Michalczyk z siedzib\u0105 w Otwocku, zarejestrowana w rejestrze przedsi\u0119biorc\u00f3w pod nr NIP 5322040700, REGON 542638473 prowadz\u0105cymi dzia\u0142alno\u015b\u0107 gospodarcz\u0105 w rozumieniu ustawy z dnia 6 marca 2018 r., Prawo Przedsi\u0119biorc\u00f3w (\u201eAdministrator\u201d).<br>1. Dane kontaktowe pe\u0142nomocnika ds. ochrony danych osobowych: cogryziepsa@gmail.com.<br>2. Podanie danych osobowych jest dobrowolne i jednocze\u015bnie oznacza wyra\u017cenie zgody na przetwarzanie ich przez Administratora ww celu:<\/p>\n\n\n\n<ul class=\"wp-block-list\">\n<li class=\"has-contrast-color has-text-color has-link-color wp-elements-eb231d0842fb2f9904779fe438d41fc5\">udzielenia odpowiedzi na Pani\/Pana wiadomo\u015b\u0107 i ewidencjonowaniu prowadzonej korespondencji \u2013 podstaw\u0105 prawn\u0105 przetwarzania danych osobowych jest prawnie<br>uzasadniony interes Administratora (art. 6 ust. 1 lit. f RODO),<\/li>\n\n\n\n<li class=\"has-contrast-color has-text-color has-link-color wp-elements-2ed6a5477dcdd45e895781748199fe2a\">prowadzenia dzia\u0142a\u0144 marketingowych i analitycznych \u2013 podstaw\u0105 prawn\u0105<br>przetwarzania danych osobowych jest prawnie uzasadniony interes Administratora (art.<br>6 ust. 1 lit. f RODO),<\/li>\n\n\n\n<li class=\"has-contrast-color has-text-color has-link-color wp-elements-017d3ebba567b9963aa117920f5e8c61\">podj\u0119cia czynno\u015bci w celu zawarcia umowy z Ale Heca! Ma\u0142gorzata Michalczyk w przypadku, je\u015bli jest Pani\/Pan kandydatem do zatrudnienia, potencjalnym klientem lub<br>potencjalnym kontrahentem Ale Heca! Ma\u0142gorzata Michalczyk \u2013 podstaw\u0105 prawn\u0105 przetwarzania danych osobowych jest niezb\u0119dno\u015b\u0107 przetwarzania w celu zawarcia umowy (art. 6 ust. 1 lit. b RODO).<\/li>\n\n\n\n<li class=\"has-contrast-color has-text-color has-link-color wp-elements-1ac482a2b6cb072fb43e2858cd6a5c7e\">podj\u0119cia czynno\u015bci przed zawarciem umowy, maj\u0105cych na celu skojarzenie i zawarcie umowy z kontrahentem Ale Heca! Ma\u0142gorzata Michalczyk w przypadku, je\u015bli jest Pan\/Pani jego potencjalnym klientem \u2013 podstaw\u0105 prawn\u0105 przetwarzania danych osobowych jest niezb\u0119dno\u015b\u0107 ich przetwarzania przed zawarciem umowy w celu podj\u0119cia czynno\u015bci maj\u0105cych na celu zawarcie umowy z kontrahentem Ale Heca! Ma\u0142gorzata Michalczyk (art. 6 ust. 1 lit. b RODO).<\/li>\n\n\n\n<li class=\"has-contrast-color has-text-color has-link-color wp-elements-8a5988c97b08c70e318228deed2d2a15\">wykonania wi\u0105\u017c\u0105cej Pani\u0105\/Pana umowy zawartej z Ale Heca! Ma\u0142gorzata Michalczyk lub<br>kontrahenta, w przypadku, je\u015bli jest Pani\/Pan klientem\/kontrahentem Ale Heca! Ma\u0142gorzata Michalczyk lub wyst\u0119puje w imieniu klienta\/kontrahenta Ale Heca! Ma\u0142gorzata Michalczyk \u2013 podstaw\u0105 prawn\u0105 przetwarzania danych osobowych jest niezb\u0119dno\u015b\u0107 przetwarzania w celu wykonania umowy (art. 6 ust. 1 lit. b RODO).<\/li>\n<\/ul>\n\n\n\n<p class=\"has-contrast-color has-text-color has-link-color wp-elements-e9f3ffe6ce311921437fa2f699735d64\">3. Dost\u0119p do Pani\/Pana danych b\u0119dzie mie\u0107 w\u0142a\u015bcicielka firmy oraz podmioty \u015bwiadcz\u0105ce us\u0142ugi na nasz\u0105 rzecz (tj. us\u0142ugi IT i wsparciatechnicznego, us\u0142ugi ksi\u0119gowe, us\u0142ugi bankowe, us\u0142ugi doradcze i prawne, us\u0142ugi pocztowe, us\u0142ugi archiwizacji i niszczenia dokument\u00f3w, us\u0142ugi przewozu), w zakresie koniecznym w celu obs\u0142ugi korespondencji i odpowiedzi na przes\u0142an\u0105 wiadomo\u015b\u0107.<br>4. Dane osobowe b\u0119d\u0105 przechowywane przez okres niezb\u0119dny do odpowiedzi<br>na wiadomo\u015b\u0107, a w po tym okresie do czasu realizacji interesu Administratora<br>lub wniesienia sprzeciwu wobec przetwarzania na tej podstawie, a w zakresie, w jakim komunikacja nast\u0119puje w zakresie zawierania i wykonywania umowy \u2013 do czasu zako\u0144czenia wykonywania tej\u017ce umowy oraz up\u0142ywu okresu przedawnienia<br>ewentualnych roszcze\u0144 umownych.<br>&#8211; Przys\u0142uguje Pani\/Panu prawo do:\u017c\u0105dania dost\u0119pu do swoich danych osobowych, ich sprostowania, usuni\u0119cia lub ograniczenia przetwarzania lub prawo do wniesienia sprzeciwu wobec przetwarzania, a tak\u017ce prawo do przenoszenia danych, jednak\u017ce nale\u017cy mie\u0107 \u015bwiadomo\u015b\u0107, \u017ce niekt\u00f3re z wymienionych tu \u017c\u0105da\u0144 mog\u0105 wi\u0105za\u0107 si\u0119 z uniemo\u017cliwieniem wykonania umowy lub odpowiedzi na zadane pytanie. \u017b\u0105dania w zakresie przetwarzania danych osobowych nale\u017cy zg\u0142asza\u0107 na adres administratora. Wniesienia w dowolnym momencie sprzeciwu wobec przetwarzania Pani\/Pana danych<br>osobowych z przyczyn zwi\u0105zanych ze szczeg\u00f3ln\u0105 sytuacj\u0105,<br>&#8211; wniesienia skargi do Prezesa Urz\u0119du Ochrony Danych Osobowych<br>5. Podanie danych jest dobrowolne.<br>6. Pani\/Pana dane osobowe nie b\u0119d\u0105 przetwarzane w spos\u00f3b zautomatyzowany w tym poprzez profilowanie.<br>7. Po zako\u0144czeniu przetwarzania Pani\/Pana danych osobowych w pierwotnym celu, dane nie b\u0119d\u0105 przetwarzane w \u017cadnym innym celu.<br>8. Dane osobowe s\u0105 przetwarzane na podstawie art. 6 ust. 1 lit.a, b i f) Rozporz\u0105dzenia Parlamentu Europejskiego i Rady (UE) 2016\/679 z dnia 27 kwietnia 2016 r. w sprawie ochrony os\u00f3b fizycznych w zwi\u0105zku z przetwarzaniem danych osobowych i w sprawie ich swobodnego przep\u0142ywu (dalej: RODO) i art. 9 ust. 2 lit. f) RODO \u2013ustalenie, dochodzenie i obrona roszcze\u0144.<\/p>\n\n\n\n<p><\/p>\n","protected":false},"excerpt":{"rendered":"<p>Administratorem danych osobowych przetwarzanych przez Ma\u0142gorzat\u0119 Michalczyk jest Ale Heca! Ma\u0142gorzata Michalczyk z siedzib\u0105 w Otwocku, zarejestrowana w rejestrze przedsi\u0119biorc\u00f3w pod nr NIP 5322040700, REGON 542638473 prowadz\u0105cymi dzia\u0142alno\u015b\u0107 gospodarcz\u0105 w rozumieniu ustawy z dnia 6 marca 2018 r., Prawo Przedsi\u0119biorc\u00f3w (\u201eAdministrator\u201d).1. Dane kontaktowe pe\u0142nomocnika ds. ochrony danych osobowych: cogryziepsa@gmail.com.2. Podanie danych osobowych jest dobrowolne i [&hellip;]<\/p>\n","protected":false},"author":1,"featured_media":0,"parent":0,"menu_order":0,"comment_status":"closed","ping_status":"open","template":"","meta":{"footnotes":""},"class_list":["post-3","page","type-page","status-publish","hentry"],"_links":{"self":[{"href":"https:\/\/cogryziepsa.pl\/index.php?rest_route=\/wp\/v2\/pages\/3","targetHints":{"allow":["GET"]}}],"collection":[{"href":"https:\/\/cogryziepsa.pl\/index.php?rest_route=\/wp\/v2\/pages"}],"about":[{"href":"https:\/\/cogryziepsa.pl\/index.php?rest_route=\/wp\/v2\/types\/page"}],"author":[{"embeddable":true,"href":"https:\/\/cogryziepsa.pl\/index.php?rest_route=\/wp\/v2\/users\/1"}],"replies":[{"embeddable":true,"href":"https:\/\/cogryziepsa.pl\/index.php?rest_route=%2Fwp%2Fv2%2Fcomments&post=3"}],"version-history":[{"count":5,"href":"https:\/\/cogryziepsa.pl\/index.php?rest_route=\/wp\/v2\/pages\/3\/revisions"}],"predecessor-version":[{"id":306,"href":"https:\/\/cogryziepsa.pl\/index.php?rest_route=\/wp\/v2\/pages\/3\/revisions\/306"}],"wp:attachment":[{"href":"https:\/\/cogryziepsa.pl\/index.php?rest_route=%2Fwp%2Fv2%2Fmedia&parent=3"}],"curies":[{"name":"wp","href":"https:\/\/api.w.org\/{rel}","templated":true}]}}